at is the thousands digit of 1218?
1
What is the tens digit of 4273?
7
What is the tens digit of 352?
5
What is the units digit of 6001?
1
What is the thousands digit of 21985?
1
What is the units digit of 3641?
1
What is the tens digit of 378?
7
What is the thousands digit of 54505?
4
What is the hundred thousands digit of 121396?
1
What is the thousands digit of 3641?
3
What is the ten thousands digit of 10878?
1
What is the ten thousands digit of 17345?
1
What is the tens digit of 13894?
9
What is the tens digit of 9336?
3
What is the thousands digit of 2118?
2
What is the thousands digit of 1495?
1
What is the units digit of 1030?
0
What is the units digit of 34350?
0
What is the tens digit of 641?
4
What is the ten thousands digit of 10924?
1
What is the tens digit of 7465?
6
What is the tens digit of 3950?
5
What is the units digit of 5026?
6
What is the hundreds digit of 43525?
5
What is the tens digit of 15360?
6
What is the tens digit of 21728?
2
What is the tens digit of 410?
1
What is the thousands digit of 3188?
3
What is the units digit of 556?
6
What is the tens digit of 5403?
0
What is the hundreds digit of 766?
7
What is the thousands digit of 2388?
2
What is the hundreds digit of 4778?
7
What is the hundreds digit of 58920?
9
What is the units digit of 14327?
7
What is the units digit of 5321?
1
What is the thousands digit of 32713?
2
What is the thousands digit of 42675?
2
What is the tens digit of 5056?
5
What is the thousands digit of 4918?
4
What is the hundreds digit of 1181?
1
What is the tens digit of 5000?
0
What is the tens digit of 2285?
8
What is the thousands digit of 3952?
3
What is the hundreds digit of 2152?
1
What is the hundreds digit of 257?
2
What is the ten thousands digit of 12340?
1
What is the tens digit of 4903?
0
What is the hundreds digit of 5829?
8
What is the tens digit of 3367?
6
What is the hundreds digit of 5612?
6
What is the tens digit of 146744?
4
What is the tens digit of 2357?
5
What is the hundreds digit of 1135?
1
What is the hundreds digit of 2493?
4
What is the ten thousands digit of 10603?
1
What is the thousands digit of 5241?
5
What is the hundreds digit of 23761?
7
What is the hundreds digit of 1369?
3
What is the thousands digit of 1437?
1
What is the tens digit of 2972?
7
What is the thousands digit of 161314?
1
What is the units digit of 17033?
3
What is the hundreds digit of 29459?
4
What is the hundreds digit of 2317?
3
What is the tens digit of 402?
0
What is the tens digit of 7181?
8
What is the hundreds digit of 721?
7
What is the units digit of 1878?
8
What is the tens digit of 31601?
0
What is the thousands digit of 1621?
1
What is the units digit of 34004?
4
What is the hundreds digit of 859?
8
What is the ten thousands digit of 19348?
1
What is the thousands digit of 2281?
2
What is the hundreds digit of 15085?
0
What is the tens digit of 1770?
7
What is the tens digit of 5069?
6
What is the thousands digit of 13913?
3
What is the hundreds digit of 5423?
4
What is the tens digit of 1214?
1
What is the thousands digit of 36025?
6
What is the tens digit of 1161?
6
What is the units digit of 2983?
3
What is the tens digit of 755?
5
What is the thousands digit of 6806?
6
What is the tens digit of 870?
7
What is the units digit of 26479?
9
What is the units digit of 61403?
3
What is the units digit of 2527?
7
What is the hundreds digit of 1824?
8
What is the units digit of 1791?
1
What is the tens digit of 33851?
5
What is the hundreds digit of 73540?
5
What is the tens digit of 372?
7
What is the units digit of 6608?
8
What is the units digit of 1526?
6
What is the hundreds digit of 689?
6
What is the tens digit of 3816?
1
What is the units digit of 89?
9
What is the units digit of 506?
6
What is the tens digit of 78?
7
What is the tens digit of 9673?
7
What is the hundreds digit of 1039?
0
What is the tens digit of 15457?
5
What is the thousands digit of 7698?
7
What is the hundreds digit of 48191?
1
What is the tens digit of 3409?
0
What is the hundreds digit of 3590?
5
What is the units digit of 1070?
0
What is the hundreds digit of 662?
6
What is the ten thousands digit of 116208?
1
What is the tens digit of 24066?
6
What is the hundreds digit of 1248?
2
What is the hundreds digit of 11190?
1
What is the hundreds digit of 139?
1
What is the hundreds digit of 956?
9
What is the units digit of 4413?
3
What is the hundreds digit of 500?
5
What is the thousands digit of 2356?
2
What is the hundreds digit of 7627?
6
What is the tens digit of 1558?
5
What is the units digit of 1875?
5
What is the tens digit of 1184?
8
What is the units digit of 23761?
1
What is the tens digit of 39544?
4
What is the thousands digit of 1396?
1
What is the tens digit of 4419?
1
What is the tens digit of 2021?
2
What is the hundred thousands digit of 113530?
1
What is the hundreds digit of 543?
5
What is the tens digit of 3409?
0
What is the tens digit of 91916?
1
What is the thousands digit of 42904?
2
What is the units digit of 47287?
7
What is the units digit of 3518?
8
What is the tens digit of 4964?
6
What is the units digit of 1502?
2
What is the hundreds digit of 158675?
6
What is the units digit of 3251?
1
What is the units digit of 2279?
9
What is the hundreds digit of 1402?
4
What is the hundreds digit of 1444?
4
What is the thousands digit of 3030?
3
What is the units digit of 5597?
7
What is the units digit of 3820?
0
What is the units digit of 3344?
4
What is the tens digit of 72350?
5
What is the thousands digit of 21723?
1
What is the units digit of 389?
9
What is the hundreds digit of 1704?
7
What is the units digit of 9421?
1
What is the hundreds digit of 16226?
2
What is the tens digit of 27079?
7
What is the hundred thousands digit of 140103?
1
What is the tens digit of 11989?
8
What is the units digit of 1331?
1
What is the thousands digit of 82109?
2
What is the units digit of 621?
1
What is the thousands digit of 5040?
5
What is the units digit of 21815?
5
What is the tens digit of 6518?
1
What is the hundreds digit of 7608?
6
What is the tens digit of 51099?
9
What is the tens digit of 3046?
4
What is the hundreds digit of 1096?
0
What is the units digit of 2003?
3
What is the hundreds digit of 22139?
1
What is the hundreds digit of 21803?
8
What is the units digit of 23186?
6
What is the units digit of 42458?
8
What is the hundreds digit of 1349?
3
What is the ten thousands digit of 13019?
1
What is the thousands digit of 40646?
0
What is the units digit of 969?
9
What is the units digit of 11337?
7
What is the hundreds digit of 1114?
1
What is the thousands digit of 51652?
1
What is the units digit of 6572?
2
What is the units digit of 10689?
9
What is the units digit of 37786?
6
What is the thousands digit of 37406?
7
What is the units digit of 9388?
8
What is the hundreds digit of 2268?
2
What is the hundreds digit of 205?
2
What is the hundreds digit of 46108?
1
What is the tens digit of 71687?
8
What is the tens digit of 15703?
0
What is the thousands digit of 11952?
1
What is the tens digit of 8672?
7
What is the units digit of 966?
6
What is the tens digit of 114?
1
What is the units digit of 19066?
6
What is the hundreds digit of 182?
1
What is the tens digit of 24733?
3
What is the tens digit of 1684?
8
What is the tens digit of 29380?
8
What is the thousands digit of 1835?
1
What is the thousands digit of 1996?
1
What is the tens digit of 26648?
4
What is the tens digit of 367?
6
What is the hundreds digit of 1218?
2
What is the hundreds digit of 114?
1
What is the tens digit of 8207?
0
What is the thousands digit of 7782?
7
What is the hundreds digit of 682?
6
What is the hundreds digit of 2654?
6
What is the thousands digit of 67979?
7
What is the hundreds digit of 62849?
8
What is the hundreds digit of 2143?
1
What is the thousands digit of 33156?
3
What is the units digit of 97?
7
What is the hundreds digit of 2196?
1
What is the hundreds digit of 3378?
3
What is the tens digit of 9273?
7
What is the tens digit of 1451?
5
What is the tens digit of 3509?
0
What is the ten thousands digit of 15512?
1
What is the thousands digit of 189882?
9
What is the thousands digit of 4769?
4
What is the tens digit of 138724?
2
What is the units digit of 8017?
7
What is 